(-18).
4
Let t(z) = -z**2 + 8*z + 3. Determine t(9).
-6
Let c(a) = 2*a**3 - 17*a**2 - 3*a - 48. Calculate c(9).
6
Let f(r) = 43*r - 80. What is f(2)?
6
Let b(l) = l**2 - 22*l + 49. What is b(20)?
9
Let c(x) = 9*x - 92. What is c(8)?
-20
Let p(g) = -13*g + 41. Calculate p(3).
2
Let j(s) = -6*s - 33. Give j(-5).
-3
Let h(c) = c**3 + 3*c**2 - c - 3. Determine h(-3).
0
Let x(s) = -s - 2. Give x(-3).
1
Let p(q) = 4*q + 27. Give p(-11).
-17
Let s(w) = -2*w**2 - 5*w - 4. Give s(-3).
-7
Let s(a) = 3*a + 1. Calculate s(3).
10
Let a(h) = h**3 + 4*h**2 - 3*h + 5. Determine a(-5).
-5
Let n(m) = m**3 + 14*m**2 - 13*m + 21. Determine n(-15).
-9
Let d(m) = 3*m**2 - 5*m + 5. Calculate d(4).
33
Let j(a) = -5*a - 23. What is j(-10)?
27
Let c(h) = 4*h + 6. Give c(-2).
-2
Let z(f) = -7*f - 24. Give z(-6).
18
Let t(i) = -i**3 - 7*i**2 + 18*i + 3. What is t(-9)?
3
Let h(a) = -4*a**2 + 142*a - 47. Give h(35).
23
Let q(f) = f**3 + 13*f**2 - 13*f + 8. Determine q(-14).
-6
Let x(w) = -22*w + 164. Give x(7).
10
Let z(r) = r**3 + 23*r**2 + 14. Calculate z(-23).
14
Let g(b) = b**2 + b - 41. Calculate g(-5).
-21
Let s(m) = -6*m. Determine s(0).
0
Let b(v) = 2*v + 30. Give b(-23).
-16
Let d(r) = r**3 + 7*r**2 - 6*r + 3. What is d(-7)?
45
Let l(s) = 2*s - 77. Calculate l(43).
9
Let h(g) = -4*g - 24. Give h(7).
-52
Let o(y) = -6*y**2 + 4*y + 4. Calculate o(-1).
-6
Let m(i) = 17*i + 57. Determine m(9).
210
Let b(w) = -2*w**2 + 21*w - 41. Calculate b(8).
-1
Let v(x) = 18*x + 70. Determine v(-4).
-2
Let u(f) = 8*f**3 - 2*f**2 + 3*f - 2. Determine u(1).
7
Let u(b) = -b**3 - 13*b**2 + b + 18. What is u(-13)?
5
Let f(a) = a**2 + 18*a + 34. Give f(-17).
17
Let t(i) = i**2 - 23*i - 3. What is t(7)?
-115
Let j(i) = i**3 - 4*i**2 - 6*i + 2. Determine j(5).
-3
Let y(r) = r**3 - 13*r**2 - 24*r - 3. Give y(15).
87
Let k(v) = v**3 - 8*v**2 - 19*v - 12. Give k(10).
-2
Let w(o) = -11*o**3 - 2*o**2 + 2*o - 1. Give w(1).
-12
Let j(s) = -s**3 + 4*s**2 + 2. Give j(3).
11
Let v(d) = d - 4. Give v(-14).
-18
Let w(q) = -q. What is w(-6)?
6
Let r(x) = -2*x**2 + 15*x + 12. What is r(8)?
4
Let h(g) = g**3 + 5*g**2 + 2*g + 7. Calculate h(-5).
-3
Let z(g) = -g**3 - 16*g**2 - 12*g + 43. Calculate z(-15).
-2
Let i(x) = x**3 - 25*x**2 + 41*x + 108. Calculate i(23).
-7
Let l(y) = -y**3 + 9*y**2 - 5*y + 6. Calculate l(9).
-39
Let c(y) = 116*y - 1738. Calculate c(15).
2
Let y(j) = -j**3 + 6*j**2 - 16*j + 97. Give y(6).
1
Let n(t) = -3*t - 6. Give n(-2).
0
Let j(b) = b**2 + 12*b + 26. What is j(-8)?
-6
Let z(f) = -f**2 + 22*f + 55. What is z(25)?
-20
Let m(s) = -s + 10. Calculate m(4).
6
Let s(w) = w**3 - 28*w**2 + 2*w - 45. Determine s(28).
11
Let b(r) = 2*r**2 - 6*r + 3. What is b(5)?
23
Let j(r) = 2*r**2 - 8*r + 6. Determine j(6).
30
Let u(g) = -5*g + 6. Give u(2).
-4
Let b(i) = -7*i + 11. Determine b(2).
-3
Let t(o) = -o**2 - 17*o - 4. Calculate t(-12).
56
Let s(n) = -5*n + 59. Determine s(7).
24
Let q(m) = -m**2 + 27*m + 123. Determine q(30).
33
Let p(r) = r. What is p(4)?
4
Let i(r) = -7*r - 8. Calculate i(-5).
27
Let x(p) = -39*p - 113. Calculate x(-3).
4
Let l(i) = -i - 1. Give l(-3).
2
Let j(f) = 3*f**2 - 23*f - 7. What is j(8)?
1
Let a(d) = -d**3 - 6*d**2 + 10*d - 2. Give a(-7).
-23
Let a(r) = 3*r**2 - 2*r - 17. Calculate a(-5).
68
Let y(x) = -x - 4. What is y(4)?
-8
Let x(u) = -u**2 - 17*u - 9. Determine x(5).
-119
Let a(n) = -n**3 + 3*n**2 - n + 17. Give a(5).
-38
Let s(c) = c**2 + 153*c - 792. Calculate s(5).
-2
Let n(x) = -x**3 - 5*x**2 - 2*x - 22. What is n(-6)?
26
Let g(v) = v - 5. Determine g(7).
2
Let a(z) = -z**3 - 20*z**2 - 17*z + 46. Give a(-19).
8
Let u(c) = c**2 - c - 9. Determine u(-4).
11
Let c(p) = -p**3 - 15*p**2 - 13*p + 21. Calculate c(-14).
7
Let n(v) = 8*v + 48. Determine n(-6).
0
Let g(z) = -z**3 + 13*z**2 - 20*z - 25. What is g(11)?
-3
Let m(p) = 13*p**3 - p**2. Determine m(-1).
-14
Let c(f) = -f - 8. Calculate c(-6).
-2
Let f(a) = a**3 - 5*a**2 - 10*a + 46. Calculate f(4).
-10
Let w(o) = o**3 - o**2 - 27*o + 1. Calculate w(5).
-34
Let i(y) = 13*y - 34. Calculate i(-10).
-164
Let h(f) = -2*f**3 + 24*f**2 - f + 16. Give h(12).
4
Let z(f) = -5*f - 9. Determine z(-5).
16
Let x(g) = g**3 - 3*g**2 + 2*g + 2. What is x(4)?
26
Let b(f) = 13*f**2 + 7*f + 2. Give b(-1).
8
Let j(t) = t**2 - 10*t + 20. Give j(9).
11
Let s(x) = 2*x**2 - 8*x + 7. What is s(2)?
-1
Let s(z) = 3*z - 2. Determine s(-8).
-26
Let q(f) = f**2 - 7*f + 9. Determine q(9).
27
Let a(n) = -n**2 - 13*n - 7. Calculate a(-10).
23
Let n(l) = l**3 - 7*l**2 + 7*l + 14. Calculate n(5).
-1
Let z(d) = -2*d + 12. What is z(6)?
0
Let w(n) = 2*n**2 - 25*n + 50. What is w(9)?
-13
Let x(d) = d**3 + 11*d**2 - 4*d + 28. What is x(-11)?
72
Let d(h) = -h**2 + 11*h - 15. What is d(10)?
-5
Let v(a) = a**3 + 8*a**2 + 2*a + 14. Calculate v(-8).
-2
Let x(c) = c**2 - 7*c + 11. Give x(6).
5
Let l(d) = d**3 - 10*d**2 - 4*d - 89. Calculate l(11).
-12
Let d(s) = s**3 - 3*s + 1. What is d(3)?
19
Let h(z) = -z**3 - 2*z**2 + 2. Calculate h(2).
-14
Let x(k) = k + 19. Determine x(-14).
5
Let p(f) = 6*f + 66. Determine p(19).
180
Let b(u) = 3*u**2 - u - 2. Determine b(2).
8
Let q(t) = 11*t - 13. Give q(3).
20
Let u(h) = h**3 + 9*h**2 + 3. Give u(-9).
3
Let y(l) = l**2 + 19*l - 167. What is y(-26)?
15
Let r(d) = -d**2 - 8*d - 16. Determine r(-8).
-16
Let w(c) = -c**3 - 5*c**2 - 8*c - 17. Determine w(-3).
-11
Let p(i) = 12*i - 130. Calculate p(11).
2
Let s(p) = -p**2 + 15*p - 20. Determine s(19).
-96
Let m(i) = -i**3 + 2*i + 1. Determine m(-2).
5
Let b(k) = k**2 + k - 19. Determine b(5).
11
Let o(n) = -n**3 - 5*n**2 + 2*n + 7. Give o(-6).
31
Let c(n) = n**2 - 52*n - 29. Give c(52).
-29
Let p(w) = -w**3 - 2*w**2 + 9*w - 4. Determine p(-5).
26
Let x(l) = -l**2 + 5*l + 2. Give x(6).
-4
Let t(p) = -p**2 - 10*p - 9. Give t(-3).
12
Let i(h) = -h**2 + 6*h - 14. Determine i(6).
-14
Let d(t) = t**3 - 32*t**2 - 36*t + 33. Give d(33).
-66
Let l(c) = -c**3 - c**2 + 24*c - 2. What is l(0)?
-2
Let m(i) = -2*i**3 + 149*i**2 + 73*i + 149. Give m(75).
-1
Let m(c) = c + 9. Determine m(-14).
-5
Let r(i) = -6*i**2 - i - 5. Give r(3).
-62
Let c(a) = -a**2 + 5*a + 54. Determine c(-6).
-12
Let a(k) = -13*k + 2. Determine a(3).
-37
Let l(v) = 2*v + 2. What is l(-6)?
-10
Let t(m) = 3*m**2 - 34*m - 11. What is t(11)?
-22
Let a(d) = 14*d + 14. Give a(-3).
-28
Let w(i) = 10*i + 183. Determine w(-18).
3
Let a(w) = -w**2 - 6*w + 4. Determine a(-6).
4
Let t(u) = -u**3 - 9*u**2 - 8*u + 14. What is t(-8)?
14
Let j(k) = 4*k**3 + 3*k**2 - 5*k - 6. Determine j(3).
114
Let d(t) = -t**3 - t**2 + 4*t + 4. Determine d(-2).
0
Let t(o) = 6*o**2 - 1. Give t(-1).
5
Let x(z) = z**2 - 36*z - 709. Give x(50).
-9
Let k(j) = j**3 + 7*j**2 + 6*j + 3. Give k(-4).
27
Let c(a) = 8*a**3 + 3*a**2 - 3*a - 6. Determine c(-2).
-52
Let j(a) = -a + 3. What is j(-3)?
6
Let u(p) = -5*p - 23. Give u(-9).
22
Let g(s) = -2*s**2 + 5*s + 12. Give g(-2).
-6
Let c(k) = 2*k - 10. Determine c(6).
2
Let r(n) = -n**2 + 12*n - 17. Determine r(11).
-6
Let m(b) = b**3 + 8*b**2 + 4. Calculate m(-4).
68
Let q(m) = -6*m + 37. Calculate q(6).
1
Let p(x) = 24*x**2 - 6*x - 2. Give p(2).
82
Let r(j) = -3*j + 48. What is r(11)?
15
Let s(j) = j**2 - 10*j - 10. Calculate s(7).
-31
Let c(a) = -6*a - 28. Give c(-7).
14
Let g(t) = t**2 - 21*t + 5. What is g(20)?
-15
Let r(w) = -2*w + 22. Calculate r(9).
4
Let m(f) = 2*f**3 - 5*f**2 + f - 6. Determine m(3).
6
Let d(z) = 3*z + 5. Determine d(6).
23
Let t(w) = -w**3 + 41*w**2 + 40*w + 63. What is t(42)?
-21
Let q(g) = g**2 - 4*g - 10. Determine q(4).
-10
Let j(g) = -g**3 - 4*g**2 + 18*g + 19. Calculate j(-6).
-17
Let w(d) = d**3 - 29*d**2 + 54*d - 18. Give w(27).
-18
Let d(z) = 19*z + 13. Give d(-1).
-6
Let j(w) = 6*w - 28. Determine j(-6).
-64
Let b(s) = -3*s**2 + 3*s. Determine b(4).
-36
Let p(v) = -v**3 + 9*v**2 + 2*v - 12. Determine p(9).
6
Let q(r) = -9*r + 4. Give q(1).
-5
Let j(r) = -2*r**2 + 3*r + 3. Give j(5).
-32
Let t(c) = -10*c**2 + 2*c + 4. What is t(2)?
-32
Let c(n) = -n**2 + 12*n - 28. Determine c(7).
7
Let b(p) = -p**2 - 3*p + 7. Determine b(3).
-11
Let f(y) = y**2 - 5*y + 128. Determine f(0).
128
Let z(t) = t**2 + 14*t + 1. What is z(-11)?
-32
Let t(f) = -25*f - 295. What is t(-12)?
5
Let x(o) = o**3 + 2*o**2 - 3*o + 1. Determine x(-4).
-19
Let c(x) = -3*x + 12. Calculate c